- 3*m**2/2 + 2*m + 23. Calculate v(a).
-12
Let y(q) be the third derivative of q**5/60 - q**4/6 - 2*q**3/3 - 21*q**2 - 3*q. Calculate y(3).
-7
Suppose -29*m + 26*m + 15 = 0. Let i(b) = -7*b**3 + 7*b**2 + 19*b - 11. Let p(a) = -4*a**3 + 3*a**2 + 10*a - 6. Let c(w) = m*p(w) - 3*i(w). Give c(7).
3
Let w = 13 - 9. Let t(i) = -i**3 + 3*i**2 + 4*i. Let o be t(w). Suppose f - 3*f - 4*n - 8 = o, 5*f = -4*n + 4. Let x(p) = -p - 2. What is x(f)?
-6
Let l be 6*(10/(-4))/(-5). Suppose -3*r = -5*v + 37, 0*r - 31 = -3*v + 4*r. Let o(p) = 8*p + v*p - 24*p + 5*p + 4. Calculate o(l).
-14
Let f(o) = o - 4. Let a(c) = c - 3. Let i(r) = 7*a(r) - 3*f(r). Give i(6).
15
Suppose 0 = -r + 4, 0 = -b - 0*r + 5*r - 17. Let n(a) = -8*a + 10*a**2 - 14 + 0*a + 10*a**2 - 9*a**2 - a**b. What is n(10)?
6
Let y(r) = r**3 + r**2 - 4*r + 2. Let k be (-1116)/270 - (-6)/45. Give y(k).
-30
Let o(q) = -92*q**2 + 32*q**2 + 47*q**2 + 13*q + 8*q**3 + 16 - 4*q**3 - 3*q**3. What is o(12)?
28
Let m(p) = -p**3 + 6*p**2 + 19*p - 16. Let d be m(8). Let y(x) = -x**2 + 2*x**2 - 3 + d*x - 9*x - 2*x. What is y(3)?
-3
Let v(u) = -2*u - 1. Let o be ((-8)/24)/(2/18). Let k be o/(-1 - -4) - -3. Suppose k*q + 16 = 3*l, 4 + 2 = 5*q + 4*l. Calculate v(q).
3
Let h(u) = -u**2 + 152*u + 0*u**2 - 151*u. What is h(1)?
0
Let m be (-18)/6 + -2 + -28. Let h(g) = -g - 2. Let n(t) = 6*t + 11. Let j(d) = m*h(d) - 6*n(d). Let x(k) = -10*k. Let b(s) = 7*j(s) - 2*x(s). What is b(6)?
-6
Let n = -40 + 43. Let j(q) = -q**3 - 354*q - n + 354*q - q**2. Calculate j(0).
-3
Let d(h) = -8*h**2 - 7*h + 2. Let o(b) = 17*b**2 + 15*b - 4. Suppose 10 = 3*s - 4*s. Let u be (12/s)/(2/10). Let i(t) = u*o(t) - 13*d(t). What is i(-2)?
4
Let y(u) = -u**3 + 2*u - 3. Let d(p) = -p + 2. Let r(w) = 4*d(w) + 3*y(w). Calculate r(1).
-2
Let p(x) = 17 + 20 + 2*x - 57 + 20. Calculate p(-3).
-6
Let g = -34 + 36. Let p(f) = -3 - 1 - f**g - 1 - 15. What is p(0)?
-20
Suppose -156 = 5*s - 8*s. Let n = s - 51. Let c(j) = -3*j**2 - 2*j + 1. What is c(n)?
-4
Suppose 3*h - h = 20. Suppose 5*j - h = 3*j. Let o(i) = -i**2 + 7*i - 3. Let f be o(j). Let r(t) = -t + 7. What is r(f)?
0
Let g(u) = -u - 2. Let t = -1039 + 1036. What is g(t)?
1
Let y = -8 + -3. Let i be 9*-1*(10 + y). Let j(w) = w**2 - 7*w - 8. Give j(i).
10
Let v = 5 - -9. Let j(i) = -i + 16. Let s be j(v). Let b(k) = 2*k**2 + k**s + 2*k**2 - k. Determine b(-1).
6
Suppose -k + 3 = -2*r + 7, 0 = -5*r + 4*k + 4. Let y be (-1)/(-1)*4 - 2. Let w(a) = 0 + a**y + 1 - 1 + 1 - 5*a. Give w(r).
-3
Let f(u) = -3*u**2 + u + 6. Let y(l) = 16*l**2 - 4*l - 30. Let r(w) = -11*f(w) - 2*y(w). Let t = -59 - 54. Let z = 119 + t. What is r(z)?
12
Let n(p) = -p**2 - 16*p + 107. Let i be n(-21). Let t(q) = -2*q**3 + q**2 - 2*q + 1. What is t(i)?
-15
Let q(r) = 3*r**2 - 8*r + 10 + 5*r + 6*r + 3*r. Calculate q(-4).
34
Let n(i) = 5*i**3 + 3*i - 3. Let u(y) = 4*y**3 - y**2 + 3*y - 3. Let a(h) = -3*n(h) + 4*u(h). Let w = 2081 + -2077. What is a(w)?
9
Let q(d) = -d**2 - 3*d**2 + d + 3*d**2 + 0*d**2 + 2*d**2. What is q(5)?
30
Suppose 49 = 10*i + 289. Let x(t) = -5*t - 3. Let n be x(-6). Let u = i + n. Let r(q) = q**2 - 2*q - 4. What is r(u)?
-1
Let y(c) be the second derivative of -4*c**2 + 1/6*c**3 + 7*c + 0. Calculate y(6).
-2
Let r be ((-7)/(-1))/((-1)/(-14)). Suppose -g = -3*w + 4*w - 18, 5*w + 3*g = r. Let j be 140/(-44) - (-4)/w. Let o(a) = a**3 + a**2 - 3*a + 2. Calculate o(j).
-7
Let w(m) = -m - 6. Let o be w(-7). Let b(f) = -10*f**2 + 17*f - 7*f - 1 - 9*f. Determine b(o).
-10
Let j(a) = 485 - 3*a**2 - 954 + 476 + 2*a**2. Calculate j(3).
-2
Let w(m) = -5*m + 50. Let j(s) = -s + 9. Let d(y) = -11*j(y) + 2*w(y). Give d(5).
6
Let s(h) be the first derivative of h**4/2 - h**3/3 + 1. Let w(i) = i**2 + 39*i - 743. Let n be w(-53). Determine s(n).
-3
Let j(v) be the third derivative of -v**6/120 - v**5/60 - v**4/12 - v**3/6 - 18*v**2. Suppose 3*g - 4*o + 2 = 0, 5*g + 4 = o - 5. Calculate j(g).
7
Let w(d) = -7*d**2 - 21*d - 19. Let z(q) be the first derivative of -4*q**3/3 - 11*q**2/2 - 10*q + 4. Let f(l) = 3*w(l) - 5*z(l). Determine f(-8).
-7
Let m(u) = -4*u**3 - 21*u**2 - u - 8. Let f(l) = -3*l**3 - 14*l**2 - l - 5. Let w(x) = 7*f(x) - 5*m(x). Let z = 4 - -3. Determine w(z).
-9
Let y(h) = h - 4. Let r be -5*(10/25)/((-2)/5). What is y(r)?
1
Let l(t) = -t. Let f(m) = 0*m + 11 - 12*m + 12 - 27. Let r(h) = -f(h) + 6*l(h). Determine r(-4).
-20
Let d(g) = 3*g - 63. Suppose -m + 90 = 5*h, 10*h - 3*m + 42 = 13*h. Give d(h).
-6
Let n(t) = -4*t - 131. Let b be n(-30). Let w(y) = -y. Determine w(b).
11
Let k = -1 + 3. Let v(h) = 19*h**k + 21*h**2 - 58*h**2 + 20*h**2. Determine v(2).
8
Let q(x) = -8*x + 67. Let r(w) = -17*w + 229. Let d be r(13). Give q(d).
3
Suppose -4*s - s = 4*o + 15, 4*o + 3*s + 17 = 0. Let q(k) = -k**2 - k. Let b be q(o). Let j be 2/(-11) - b/(-11). Let g(m) = -3*m**2 - 4*m - 3. Calculate g(j).
-7
Let g be ((-9)/(-15))/(117/(-195)). Let k(i) = -28*i**2 - 9*i - 5. Let r(v) = -7*v**2 - 2*v - 1. Let n(s) = -2*k(s) + 9*r(s). Determine n(g).
-6
Suppose 0 = 2*y + 4*k - k - 7, 3*y + 5*k - 13 = 0. Let i(z) = -z - 1. Let c(b) = -15 - 5*b + b + b. Let t(h) = y*i(h) + c(h). Determine t(6).
-5
Let o(g) = -g**2 - 3*g + 2. Suppose -39 = 2*x + 19. Let j = -27 + -7. Let i = j - x. Give o(i).
-8
Let b(g) be the third derivative of g**6/120 + g**5/10 - g**4/3 - g**3/6 - 3*g**2 - 29. Give b(-7).
6
Let q(n) be the third derivative of n**5/60 - n**4/4 + 5*n**3/6 + 4*n**2 - 9. Give q(5).
0
Let j(g) be the second derivative of -g**5/20 + 2*g**4/3 - g**3/2 - 7*g**2/2 - 47*g. What is j(8)?
-31
Let d(o) be the first derivative of -8 + 1/3*o**3 + 3*o**2 - o. Determine d(-7).
6
Let x(i) = -i**3 + 7*i**2 - 5*i. Let l(r) = r + 1. Let n be l(4). Let q be 28*((-5)/(-2))/n. Let k = -8 + q. What is x(k)?
6
Let q(h) = -63*h**2 + 64*h**2 + 0*h + 6*h + 7. Calculate q(-4).
-1
Let s(g) = 44*g**3 + 11*g**2 + 5*g. Let a(c) = 3*c**3 + 2*c**2 + c. Let z(l) = 5*a(l) - s(l). Determine z(-1).
28
Suppose -5*g + 5*q - 14 = -69, 0 = 2*q + 10. Let y(d) = -3*d + 21. Give y(g).
3
Let a(d) = -7*d**2 - 1. Let x(j) = j**2 + 26*j - 28. Let b be x(-27). Calculate a(b).
-8
Let d be 0/(-3)*(-8)/8. Let s(o) = 5*o**3 - 4*o**3 - o**2 + 0*o**2 + 0*o**3 + 1. Determine s(d).
1
Let r(z) = z**3 - 8*z**2 + 8*z - 10. Let p(f) be the first derivative of f**2/2 + 6*f - 2. Let x be p(-4). Suppose o + 10 = -o, x*s - 19 = o. Determine r(s).
-3
Let m = -25 - -19. Let d(w) = w + 7. Let g(n) = 1. Let t(i) = d(i) - 6*g(i). What is t(m)?
-5
Let z(l) = l**2 - 5. Suppose -3*k + 54 = -69. Let u = k + -37. What is z(u)?
11
Let h(z) be the third derivative of z**5/60 - 11*z**4/24 + 8*z**3/3 - z**2 + 228*z. Determine h(3).
-8
Let h(v) = -v**2 - 16*v - 19. Let y be h(-15). Let t = 2 + y. Let n(m) = m**3 + m**2 + m - 1. Give n(t).
-7
Let t(c) = c - 26. Let d be t(28). Let w(f) be the second derivative of -1/6*f**3 + 1/4*f**4 + 0 - 2*f + 0*f**d. Give w(-1).
4
Let a(r) be the second derivative of 1/12*r**4 + 3/2*r**2 - 1/6*r**3 + 0 - r. What is a(4)?
15
Let r(l) be the second derivative of l**5/30 + l**4/6 + l**3/2 + 15*l**2/2 + 4*l. Let h(x) be the first derivative of r(x). Determine h(-3).
9
Let q(r) = -r - 2. Let y be q(-8). Suppose 0 = -y*j + 2*j + 28. Let i(k) = -21 + 36 - j*k**2 - k**3 - 8*k + 2*k - 16. Give i(-6).
-1
Let s(f) = 2*f**3 - 3*f**2 + f + 8. Let j(p) = p**3 - p**2 + p + 4. Let m(h) = -7*j(h) + 4*s(h). Calculate m(5).
-11
Let z(a) = -a**3 - a**2 + 3. Let d(u) = 5*u - 2. Let n be d(1). Suppose 11 = -n*w + 11. What is z(w)?
3
Let u(c) be the first derivative of -c**4/4 - 8*c**3/3 - 3*c**2/2 + 7*c + 49. Calculate u(-7).
-21
Let b(d) = -3*d**3 + 2*d**2 + d - 1. Let m = 17 - 18. Let r be b(m). Let k(f) = -4 - r - 19*f + 21*f. What is k(5)?
3
Let c = 422 - 422. Let m(o) = -o**3 + 1. What is m(c)?
1
Let n(d) be the first derivative of -6*d**2 + d + 195. Determine n(-2).
25
Let x(o) = o - 4. Let l be (-7 - -6)/(2/6). Let r(s) = 1. Let p(d) = l*r(d) - x(d). What is p(3)?
-2
Let j be 1/4 + 0/48. Let h(k) be the first derivative of 3 - 6*k + 5/3*k**3 + 3*k**2 - j*k**4. Determine h(6).
-6
Let j(p) = p**3 + 7*p**2 - 2. Let a be 14/((-20)/8 + (-3)/(-6)). Calculate j(a).
-2
Let y(o) be the second derivative of 1/2*o**3 + 1/2*o**4 + 28*o - 3*o**2 + 0 - 1/20*o**5. What is y(6)?
12
Let y(j) = -1